 18. Let v(l) be the second derivative of -1/2*l**3 + 17*l - l**2 + 0 - 1/12*l**4. Give v(u).
0
Suppose -4*k = 5*p - 27, -7*k + 4*k + 4*p = 3. Let o(d) = 2*d**2 + 5*d - 4. Calculate o(k).
29
Let l(p) = p**2 + 4 + 0*p**2 - p**3 - 25 + 20. What is l(-2)?
11
Let l(x) = x - 5. Let v be -1 + 7 - (-16)/(-8). Let o(b) = -b + 1. Let k(h) = 20. Let p(s) = v*o(s) + k(s). Let a(q) = -24*l(q) - 5*p(q). Determine a(-3).
12
Let q = 39 + -56. Let w(s) = -s - 14. What is w(q)?
3
Suppose -5*b + 0*o + 3*o - 29 = 0, -5*o + 35 = -5*b. Let j(a) = -9*a**2 + 3*a - 1. Let u(g) = g**2. Let q(m) = b*u(m) - j(m). Calculate q(2).
15
Let b(h) = -6*h + 8. Let j(m) = 2*m**2 + 7*m - 9. Let p(i) = -4*b(i) - 3*j(i). Let v(t) = 3*t**2 - t + 2. Let u(n) = -2*p(n) - 5*v(n). Calculate u(-2).
-10
Let c(t) = 2*t**3 + 5 - 71 - t**2 + 55. Give c(0).
-11
Let v(f) = -8*f**2 + 6*f + 1. Let s(o) = -8*o**2 + 5*o + 1. Let p(l) = -3*s(l) + 2*v(l). Calculate p(-2).
37
Let s(v) = v**2 - 2*v. Suppose -5*i - o + 5 = -5*o, -5*i + 3*o + 5 = 0. Calculate s(i).
-1
Let w be (1/2)/((-1)/(-12)). Let n(r) = -6*r + 5 - 10 + 8*r. Let g(i) = -2*i + 4. Let f(m) = w*g(m) + 5*n(m). Determine f(-3).
5
Let x(r) be the third derivative of r**7/2520 + 7*r**6/720 - 7*r**5/120 + 7*r**4/8 + 16*r**2. Let y(s) be the second derivative of x(s). What is y(-7)?
-7
Let q(n) = -2*n**2 + n + 1. Let k(v) be the third derivative of -v**6/120 - v**5/60 - 23*v**3/6 - 9*v**2. Let c be k(0). Let r = c + 25. Determine q(r).
-5
Let c(m) = -3*m**3 + 3*m**2 + 10*m - 10. Let j be c(2). Let t(f) = -2*f**2 - f + 2. Calculate t(j).
-4
Suppose 11*p - 6*p - 4*n - 26 = 0, 0 = -2*p - 2*n - 4. Let c(m) be the first derivative of m**4/4 - m**2/2 - 2*m - 1. Calculate c(p).
4
Suppose 4*t = m + 8*t - 5, 2*m - 4*t = 10. Let k = 4 - 2. Let d(w) = -3*w + 9. Let q(n) = 10*n - 26. Let v(b) = k*q(b) + 7*d(b). Determine v(m).
6
Let f(t) be the third derivative of -t**4/24 - 14*t**3/3 + 127*t**2. Give f(-19).
-9
Let z(f) be the third derivative of 1/60*f**5 - 1/12*f**4 - 8*f**2 + 0*f - 5/6*f**3 + 0. Calculate z(-4).
19
Let n(s) = 7*s - 4*s**2 + 5*s**2 + s + 4 - 2*s. Suppose 8 = -10*h + 14*h. Let d be -1 + (-4)/4 - h. Give n(d).
-4
Suppose d + d = -5*f + 13, -4*f = -5*d - 17. Let v(j) = 5*j**2 + 669*j - 667*j - 2 - 4*j**2 - 1. What is v(f)?
12
Let f(z) be the second derivative of z**3/3 + 8*z**2 + 102*z - 1. Calculate f(-12).
-8
Let x(k) = -k - 2. Suppose 9*v + 3 = 8*v. Give x(v).
1
Let s(f) = f + 4*f**2 + 2*f**2 + 6 - f**2. Let i(t) = -6*t**2 - 2*t - 7. Suppose -34 + 6 = -4*a. Let g(c) = a*s(c) + 6*i(c). Determine g(-5).
0
Let q(v) = -v**2 - 12*v - 7. Let c be 120/(-10) + (1 - -4). Give q(c).
28
Let a(j) = 2 - j + j + 2*j + 4*j + 6. What is a(-4)?
-16
Let j(o) = 17*o**2 - 6*o + 6. Let x(h) = -15*h**2 + 5*h - 5. Let r(z) = 6*j(z) + 7*x(z). Suppose -4*p = -7*p. Let k = p - -1. What is r(k)?
-3
Let i(k) = 2*k + 7. Suppose 2*n - 2 - 2 = 3*f, -5*f = 3*n - 6. Suppose f = 8*r - 4*r - 24. Determine i(r).
19
Let p = 20 + -14. Let z(s) = -6*s + 22. Let v(j) be the first derivative of j**2/2 - 4*j + 62. Let y(g) = -11*v(g) - 2*z(g). What is y(p)?
6
Let c = 21 - 10. Let u(g) = 2*g - 2 - 8 - c. Let j be u(9). Let v(b) = -b**2 - 8*b - 4. Determine v(j).
11
Let p(j) be the second derivative of j**4/4 + 10*j**3/3 - 2*j**2 - 30*j. Let m be p(-7). Let s(a) = -a**3 + 4*a**2 - 1. Determine s(m).
8
Let w(y) = 4*y - 1. Let l(z) = -3*z**2 + 20*z - 9. Let a(q) = -l(q) + 6*w(q). What is a(-4)?
35
Let x(y) be the third derivative of -y**6/120 - y**5/6 - 7*y**3/2 - 845*y**2. Calculate x(-10).
-21
Let s(w) = 2*w + 29. Suppose 0 = -4*l - f - 47, 2*f + 50 = -4*l + 4*f. Give s(l).
5
Let l(z) = -19*z**3 - 2*z - 1 + 13*z**3 + 0. Suppose -3*g - 3*d + 16 = -2*g, d = g. Suppose 0 = 4*q + g. Give l(q).
7
Let k(q) = 7*q**2 - 13*q - 7. Let p(g) = 8*g**2 - 14*g - 8. Let j(u) = -7*k(u) + 6*p(u). Let m = 2 + -2. Let b be (4/1)/(1 + m). Give j(b).
13
Let q(o) = -12*o + o**2 - 3*o + 6*o + 16 + o. Let u be q(2). Let n(g) = 1 + 2 - 3*g + 3. Give n(u).
-6
Let r(t) be the second derivative of 1/12*t**4 + 3/2*t**3 - 2*t + 5*t**2 + 0. Determine r(-7).
-4
Let i(k) = k**2 + 6*k + 6. Suppose a - 4*z = 0, -50 = 5*a + 4*z + z. Suppose 0 = -2*t - 5 + 9. Let q = t + a. What is i(q)?
6
Suppose 6 = m - 3*l + 5, 3*m + 4*l = 16. Let t be m - (0 - 4/(-2)). Suppose -t*x + 11 + 1 = 0. Let h(j) = -j**3 + 6*j**2 - 2*j - 2. Determine h(x).
-14
Let t = -61 - -35. Let f be 1*-5*t/65. Suppose -x - 3 - f = 0. Let a(d) = -d**2 - 7*d - 7. Determine a(x).
3
Suppose 0*f - 15 = -5*f. Let q(h) = 17*h - 2. Let g(k) = 12*k - 1. Let b(s) = 4*g(s) - 3*q(s). Calculate b(f).
-7
Suppose -4 = -4*u + 3*u. Let x(m) be the second derivative of 0 - 5/6*m**3 + 5/2*m**2 + 16*m + 1/12*m**4. Calculate x(u).
1
Let c(d) = 29*d**3 + 16*d**2 - 44*d + 19. Let z(a) = -9*a**3 - 5*a**2 + 13*a - 6. Let u(g) = 3*c(g) + 10*z(g). What is u(-2)?
17
Let f(p) = -4*p + 1. Let l(g) = -g - 7. Let b be l(-7). Let c = 79 - 77. Let w = c - b. Calculate f(w).
-7
Let f = 84 - 40. Let g(a) = -2*a - 41 + f + 4*a. Determine g(-7).
-11
Let v = -1 + -17. Let r = -17 - v. Let x(w) be the second derivative of -w**3 - 3*w. What is x(r)?
-6
Suppose -m + 21 = -4*m. Let o(k) = -k**2 - k - 1. Let y(s) = -8*s**2 - 2*s - 1. Let i(t) = 9*o(t) - y(t). What is i(m)?
-8
Let p(q) = -q**2 - 7*q + 8. Suppose 5*w = 0, 5*h + 65 - 25 = -2*w. Determine p(h).
0
Let g(k) = -k**2 + 16*k + 37. Suppose -378*u + 382*u - 72 = 0. Calculate g(u).
1
Suppose -2*g = -8, 4*g = 16*d - 11*d + 46. Let z(f) = f**2 + 6*f - 8. What is z(d)?
-8
Suppose -16 = -4*s, -2*k + 5 = -4*s + 17. Let a(o) = 2*o**2 - 2*o. Let q(h) = h - 3. Let p(t) = -a(t) + q(t). Give p(k).
-5
Let z(x) = 5*x - 4*x + x**2 + 0 + 2. Let v be (-27)/45 + (-6)/(-10). Calculate z(v).
2
Let s(m) = -881*m**3 - 3 + 6*m**2 + m + 6 + 882*m**3. Calculate s(-6).
-3
Let c(z) be the second derivative of -1/12*z**4 - 46*z - 5/2*z**2 + 0 - z**3. Calculate c(-5).
0
Let y(g) be the third derivative of g**8/840 + g**6/720 + 3*g**4/2 + 7*g**2. Let a(k) be the second derivative of y(k). Let n be 8/4*1/2. What is a(n)?
9
Let b(g) be the third derivative of -49*g**6/120 - g**5/60 + g**4/12 - g**3/6 - 195*g**2. Determine b(1).
-49
Let r be ((-15)/(-3)*1)/(10/4). Suppose -r*g = -a + 8, 4*g = -0*g - 12. Let c(f) = 5*f - 5. Let k(i) = 15*i - 16. Let v(p) = 7*c(p) - 2*k(p). What is v(a)?
7
Suppose -38*s = -57*s + 57. Let r(n) = 2*n**2 + 4*n. Determine r(s).
30
Let t(v) = -v**2 - 15*v - 51. Let a be t(-5). Let x(r) = 15*r**2 + 1. Calculate x(a).
16
Let v(s) = -s**2 + 28*s + 60. Let j be v(-2). Let l(c) = -c**3 - c**2 - c + 6. What is l(j)?
6
Let f(c) = -c**2 - 4. Let j be 69/15 + 6/(-10). Let q be (56/21)/(j/18). Let a = 12 - q. Determine f(a).
-4
Let p(g) = g**2 - 5*g - 2. Let i be 4/(-2)*(5 + -6)*2. Determine p(i).
-6
Let n(d) = -d**3 - 13*d**2 - 22*d + 5. Suppose 951 = -115*z - 314. Calculate n(z).
5
Let h(f) = -f - 8. Suppose -5*g - 12 = -6*g. Let c be (8/g)/((-4)/(-102)). Suppose 7 + c = -4*u. Determine h(u).
-2
Let t = -125 - -131. Let l(u) = -3*u + 8. Determine l(t).
-10
Let u(w) be the second derivative of -w**6/12 + w**4/12 + w**3/6 - 25*w**2/2 - 5*w. Let q(h) be the first derivative of u(h). What is q(-1)?
9
Suppose 3*c - 15 = 6. Let i be (-7)/(-2)*(c - 5). Let o(v) = -v + 2. What is o(i)?
-5
Let l(c) = 5*c - 2. Let b(o) = 0 - 218*o + 214*o + 1. Let s(x) = -6*b(x) - 5*l(x). Give s(11).
-7
Suppose 3*d - 3*v = 27, 3*d + 3*v - 2*v = 23. Let l(o) = -8 + d + 5*o - 3*o. Give l(-3).
-6
Let p(r) = -r + 1. Let q(v) = 27*v - 6. Let g(o) = 4*p(o) + q(o). Determine g(2).
44
Suppose 0 = u - 3*u - 12. Let b(z) be the first derivative of z**3/3 + 7*z**2/2 + 9*z - 191. Calculate b(u).
3
Let j be 16/6 - 4/6. Let y(v) = 10*v. Let l(i) = 0*i + 0*i - i. Let s(d) = 8*l(d) + y(d). What is s(j)?
4
Let q be ((-18)/15)/((-8)/(-20)) + 3. Suppose -4*j + 59 - 27 = q. Let k(d) = d**3 - 8*d**2 + 3*d + 5. Give k(j).
29
Let o(u) = 7*u - 2. Let d(k) = -1 + 8*k + 2 - 2*k - 3. Let n(z) = 6*d(z) - 5*o(z). Give n(6).
4
Let k(j) = -7*j - 5580*j**2 + 16750*j**2 - 5585*j**2 - 5584*j**2. What is k(5)?
-10
Let b = 5 + 0. Suppose -39 = -b*m - 9. Suppose 0*s = 2*s + m. Let c(o) = -o**3 - 4*o**2 - o + 3. Give c(s).
-3
Let w(g) = -5*g - 6. Let f = -96 + 96. What is w(f)?
-6
Let k(u) = -3*u - 3. Let n